t a be (3/x)/(9/48). What is the highest common divisor of 4 and a?
4
Let t = 13 - 7. Suppose -3*l + 363 = -o + 437, 8*l = -3*o + 120. What is the greatest common factor of t and o?
2
Let x be (50/(-10))/((-25)/20). Suppose 4*h = 4*o - 248, 3*o - 80 - 134 = -x*h. Let z = 7 - -4. Calculate the highest common divisor of z and o.
11
Suppose 0 = p - 4*p - 129. Let k be (-5*8/24)/(6/216). Let n = p - k. Calculate the greatest common factor of 17 and n.
17
Let j be (-4)/10 + ((-21050)/(-3250) - 2/26). What is the greatest common factor of j and 2586?
6
Suppose 3*n = 4*g - 848, 572 + 453 = 5*g + 5*n. Let r be (g/38)/((-2)/(-260)). Calculate the greatest common divisor of 55 and r.
55
Let y be ((-5)/(-15))/((-2)/(-846)). Suppose 4*m - 20*h - 180 = -24*h, 0 = -5*h - 10. What is the highest common factor of m and y?
47
Let q = 20751 - 20674. Let m = -74 - -173. What is the highest common factor of m and q?
11
Let u(k) = 2 - k**3 + 3 - 3*k + 3*k + 13*k**2. Let d be u(13). Suppose d*l - 4*l = 1. What is the greatest common divisor of 13 and l?
1
Suppose -24*f + 44548 = s, 2*s - 55218 - 33776 = 3*f. What is the highest common factor of s and 25?
25
Let h(f) = -f + 19. Let a be 2/8*-1 - 174/8. Let k be h(a). What is the greatest common divisor of 287 and k?
41
Let x = 15 + -10. Suppose 32 - 292 = -x*h. Let s = h - 17. Calculate the greatest common factor of 5 and s.
5
Suppose -55*v - 45*v + 37200 = 0. What is the greatest common divisor of 15 and v?
3
Suppose -a - 4*p = 2*a - 28, 2*a - 34 = 5*p. Let w be (-2)/3 + 152/a. Suppose -20*m - 3*m + 184 = 0. What is the greatest common divisor of m and w?
4
Suppose -2*g = 5*r - 322, -5*g + 94*r + 910 = 89*r. What is the highest common factor of g and 5312?
16
Let c be 2 - (-7 + 12 + 4). Let m be (-248)/(-14) - 2/c. Calculate the highest common divisor of m and 135.
9
Let v be (72/(-28))/(2/(-7)). Suppose 3*p + 3*r = r + 1178, 1564 = 4*p + r. Let n be p/21 - (-20)/(-35). What is the greatest common factor of n and v?
9
Suppose 5*i - 5*w - 27395 = 0, -1452 + 6935 = i - 2*w. Calculate the highest common divisor of 30 and i.
15
Suppose -90*s = 1601 - 7001. Calculate the greatest common divisor of 4668 and s.
12
Suppose -112 - 231 = -b + 77. Calculate the highest common divisor of 490 and b.
70
Let x(f) = -62*f - 3. Let w be x(-3). Let l = 313 - w. Suppose 5*i + 116*j - 119*j = 136, 3*j + 6 = 0. What is the greatest common factor of l and i?
26
Suppose 2*v = -4*l - 204, 5*v + 0*l + 465 = -l. Let w(t) = -30*t - 127. Let o be w(-8). Let m = v + o. What is the highest common divisor of 105 and m?
21
Suppose 0 = 3371*m - 3345*m - 806. Calculate the highest common divisor of m and 279.
31
Suppose -60 = -54*g + 34*g. Suppose 0 = -3*q + 4*p + 470, g*q = -2*q - 3*p + 735. Calculate the greatest common divisor of q and 12.
6
Let i(k) = k**3 + 13*k**2 - 48*k - 21. Let l be i(-14). What is the highest common factor of 65 and l?
65
Let l = -74 + 68. Let y be 30/(0 - l) + (-6)/2. Suppose y*v + 4 = 4*x + 7*v, 8 = -2*v. What is the highest common factor of x and 12?
6
Let p = -2990 + 3463. What is the highest common factor of p and 110?
11
Suppose 264*r - 9713 = 43351. What is the greatest common divisor of r and 20?
1
Let u(r) = 4*r + 17*r - 23 + 11 + r**2 + 45. Let b be u(-21). What is the greatest common divisor of b and 77?
11
Let s(h) = -42*h + 2471. Let m be s(48). What is the greatest common divisor of m and 21?
7
Suppose 0 = -315*m + 44392 - 7537. Calculate the greatest common factor of 5434 and m.
13
Let c(s) = s + 6. Let j be c(0). Suppose 3594 + 386 = 5*z. Let y = 850 - z. Calculate the highest common divisor of y and j.
6
Let a = 581 - 509. What is the greatest common divisor of 666 and a?
18
Let a(d) = -9727*d - 23. Let s be a(-3). Calculate the greatest common factor of s and 244.
122
Let m(u) = -5*u + 8. Let w be m(-9). Let d = 74 - w. Calculate the highest common factor of d and 42.
21
Let g be 241 - 2/(2/1). Let a = -65114 + 65174. What is the highest common factor of g and a?
60
Suppose -5*m = g - 325, 3*m - 987 = 8*g - 11*g. Suppose 2*t = -2*d - 2*t + 176, -g = -4*d + 3*t. Calculate the greatest common factor of 21 and d.
21
Let s be 7/(-1) + 4 + (-1 - -11). Suppose -s*y + 3*w = -9*y + 381, -2*w + 6 = 0. Calculate the highest common divisor of 248 and y.
62
Let w be 1 + 0/3*-1 + 4. Suppose -j = -3, 0 = w*n + 4*j - 514 - 588. Suppose -1142 = -5*s + n. What is the highest common divisor of s and 17?
17
Let x = -42461 - -42781. What is the highest common factor of x and 688?
16
Suppose -11*g = 21*g - 39*g + 84350. Calculate the greatest common factor of 50 and g.
50
Let l(z) = 8*z**2 + 4*z + 6. Let u = 86 - 78. Suppose -u*c + 1 - 17 = 0. Let r be l(c). Calculate the highest common factor of r and 240.
30
Suppose -20 = -2*l + l. Suppose -2*h - l = -4*h. Suppose h*g = 2*g + 48. What is the highest common divisor of g and 18?
6
Let i be 4 + (20/(-5))/2. Suppose -2*o = r - 59, 1 = i*r + 3. Let b be 5/(o/112)*108/21. What is the highest common divisor of 64 and b?
32
Suppose -3*s = -3*r + 63, -3*r + 0*s = 3*s - 45. Let y be 3/r*9*(-416)/6. Let t = -5 - y. What is the greatest common divisor of 66 and t?
33
Let z = -1032 + 576. Let u = 585 + z. Calculate the highest common factor of u and 6.
3
Suppose -27476 = -88*b - 2132. What is the highest common factor of b and 540?
36
Suppose -2*i = -5*w - 188, -3*w = 2*i - 127 - 61. Calculate the highest common divisor of 2773 and i.
47
Suppose -6693 - 22287 = -35*u. Calculate the highest common divisor of 368 and u.
92
Let g be (-1115852)/(-2656) + (-12)/(-64)*(-4)/6. What is the greatest common divisor of g and 9060?
60
Suppose g = 2*u - 330, 13*g = 18*g + 30. Calculate the highest common factor of u and 594.
54
Suppose 23*b + 0*b - 253 = 0. What is the greatest common factor of b and 1?
1
Suppose 4*k + 2*q + 188 = -296, -5*k = -2*q + 605. Let u = k + 177. Let x(r) = r**2 - 12*r + 1. Let z be x(13). What is the highest common factor of z and u?
14
Let d(o) = -16*o + 209. Let w be d(10). Calculate the highest common divisor of w and 469.
7
Suppose 134*f - 55 - 1821 = 0. Calculate the highest common divisor of f and 26614.
14
Let v be 15 + -8 + 13*-26. Let b = v - -435. Let a = 6 - -2. What is the greatest common factor of a and b?
8
Let z(l) = -l**3 - 5*l**2 + 15*l - 2. Let o be z(-8). Suppose -13*u + 86 + o = 0. Let k = -40 + 76. What is the highest common factor of u and k?
12
Let a = -109 + 138. Suppose 13*j - 94 = -a. Suppose j*h - 84 = -29. Calculate the greatest common divisor of 77 and h.
11
Let u = 7896 - 7892. What is the greatest common factor of 237 and u?
1
Let i = -7752 + 8094. Calculate the greatest common factor of i and 18.
18
Suppose -q - 10*p + 7*p + 62 = 0, -q + 3*p + 74 = 0. Suppose 4*k - 8*k + 1632 = 0. Calculate the highest common factor of k and q.
68
Suppose 0 = 5*d - 10, -56 = 2*b - 6*b - 4*d. Suppose -b*i + 626 = -70. What is the highest common divisor of i and 4?
2
Suppose 0 = 5*m - o - 1201, 11*o - 257 = -m - 28. Calculate the highest common factor of 30 and m.
30
Let x be (-4)/56 - 169908/(-56). What is the greatest common divisor of 74 and x?
74
Let z(f) = 2*f**2 - 46*f - 48. Let l be z(24). Let d(a) = -1 + 12 + 5 - 7*a + 3. Let b be d(l). What is the greatest common divisor of 171 and b?
19
Let s = 21287 + -21249. What is the highest common divisor of 86 and s?
2
Let d(p) be the first derivative of -p**4/4 - 34*p**3/3 + 39*p**2/2 + 178*p - 112. Let o be d(-35). What is the greatest common factor of o and 38?
38
Suppose 4*d + z - 676 = 0, 13*d = 15*d + 3*z - 338. Calculate the highest common divisor of d and 637.
13
Suppose 432 = -7*a + 9*a - 2*i, 0 = 4*a - 2*i - 872. Suppose -4*w = -5*n - 7*w + 56, -4*n + 48 = 4*w. What is the greatest common factor of a and n?
10
Suppose 0 = 5*s + g - 1480 + 1338, 2*s - 68 = g. What is the highest common factor of s and 4205?
5
Let j(w) = 8*w + 50. Let s be j(15). Let c = -156 + s. What is the greatest common divisor of 434 and c?
14
Let p be 45/20 - (-349961)/652. Calculate the highest common divisor of p and 6622.
77
Let p(j) = 2*j**3 - 14*j**2 - 11*j + 8. Let n be p(8). Suppose -250 = -4*a + 70. Calculate the greatest common divisor of a and n.
16
Let t(o) = -o**3 + 15*o**2 + 17*o - 52. Let z be t(7). Calculate